t v be 1 - (m*1)/(-2). Let i = 21 - v. What is the units digit of i?
0
Let m(f) = f**3 + 4*f**2 + 2*f - 3. Let a be m(-3). Suppose x + 25 - 52 = a. What is the tens digit of x?
2
Suppose 0 = -5*o - 4*j - 12, -9*o = -8*o + j + 2. Let m(y) = y**3 + 0*y + 2*y**2 - 4 - 3*y + 3*y**2. What is the tens digit of m(o)?
2
Let d = -5 - 2. Let w = -27 - -18. What is the tens digit of d*(1*w)/3?
2
Suppose 0 = 3*k - 2 - 4. Suppose 6*p = k*p + 40. Suppose 8*f = p*f - 26. What is the units digit of f?
3
Suppose 5*p - 4*c = 62, 5*p - 5*c + 2*c = 59. Let w = p - -5. Suppose -2*s - 5*a = -w, 5*s - s - 3*a = 17. What is the units digit of s?
5
Suppose -9*r + 3*r = -18. Let l = 2 + r. Suppose 5*t = -3*z + 105, -2*t + 4*t - 175 = -l*z. What is the units digit of z?
5
Let p = 33 + -30. Let o be 1 - (-29 + 0/(-2)). Suppose -4*r + 22 = 2*j, -r - p*j - o = -4*r. What is the units digit of r?
7
Let y = 1024 + -830. What is the hundreds digit of y?
1
Suppose -425*g - 479 = -426*g. What is the tens digit of g?
7
Suppose 0 = 4*b - 98 - 702. Let z = b - 142. What is the tens digit of z?
5
Suppose -57*c = -54*c - 9. Suppose 4*y = c*y + 82. What is the tens digit of y?
8
Suppose -5*d - 5*p = 60, 0 = 4*d - 7*d + 3*p - 24. What is the tens digit of 72 + d/(-25) + 2/(-5)?
7
Let q(b) = -b**2 + 10*b + 22. Let z be q(16). Let j = 161 + z. Let s = j + -54. What is the tens digit of s?
3
Suppose 3*x = -3*t + 33, 4*x = -3*t + 32 + 4. Suppose 528 = t*u - 152. What is the units digit of u?
5
Let i(g) = 2*g**2 + 12*g - 3. Let a be i(-7). Suppose 504 = a*u - 4*u. What is the units digit of u?
2
Let n = 17 + -29. Let l = -84 - -124. Let r = n + l. What is the units digit of r?
8
Let f = 41 - 32. What is the units digit of f?
9
Suppose 3 = 2*p + 2*h - 1, 2*p - h - 7 = 0. Suppose 6 = -p*l - 6. What is the units digit of (-1 - -6)*(l - -6)?
0
Let j(w) = -32*w + 48. Let i be j(6). What is the units digit of (-26 - i)*1*(-2)/(-4)?
9
Let w = 69 - -470. Suppose 0 = r + 10*r - w. What is the units digit of r?
9
Suppose 5*a - h = 241, 2*a = -h - 5 + 100. Let j = a + 66. What is the hundreds digit of j?
1
Suppose 4*k + 0*k = -5*g + 27, 5*g = 5*k. Suppose 0 = 5*x - k*u + 206, -4*x - 32 = -3*x + 4*u. What is the tens digit of (x/(-28))/(1/7)?
1
Suppose 0*k + 1020 = -6*k. Let g = -103 - k. What is the tens digit of g?
6
Suppose 26*k + 10 = 21*k. What is the tens digit of k/8 + 1802/8 + -5?
2
Let c be (30/(-5))/((-3)/2). Let k(d) = 7*d - d - 1 - 3 + 7. What is the units digit of k(c)?
7
What is the hundreds digit of 326*((-24)/(-18))/(8/6)?
3
Let k be (-7 + 2 - -4) + 1. Suppose k*s + 249 = 3*s. What is the units digit of s?
3
Suppose 0 = -2*z + k + 6523, -4*k = 14 - 2. What is the units digit of z?
0
Let r(u) = u**3 + 3*u**2 + u. Suppose -2*o + 5*b - 29 = 0, 2 = o + 2*b - 6. Let j be r(o). Suppose -j*v + 104 = 2*v. What is the units digit of v?
6
What is the units digit of ((-16765)/(3 - 10))/1?
5
Let c = 32 - 30. Suppose -4*b - 5*m = -155 - 131, c*b + 4*m - 146 = 0. What is the units digit of b?
9
Let j(q) = 7*q + 4*q**2 - 2*q - q**3 + 7*q**2 + 4 + 1. What is the units digit of j(11)?
0
Let i(t) = 7*t + 3*t**2 + 1 - 13 + 0*t**2. What is the tens digit of i(5)?
9
Suppose 4*c - 26 = l, -2*l + 4*l - 2 = -c. Let i be (2 + 9/(-6))*c. Suppose 0 = 4*h - 2*p - 2, -h = i*p + 3 - 7. What is the units digit of h?
1
Suppose 29 = l + 17. Let i = 35 + l. What is the units digit of i?
7
Suppose -2*r + 1807 = -2757. Suppose 8*y = y + r. What is the hundreds digit of y?
3
What is the tens digit of (2*(-50)/35)/((-6)/1281)?
1
Let d be (-1)/(0 + -1) - (29 + -30). What is the tens digit of ((-2)/4)/(d - (-258)/(-128))?
3
Let b be (2/(-3))/((-18)/81). Suppose b*j + 2*j + 330 = 0. Let i = -32 - j. What is the tens digit of i?
3
Let l be (-3510)/(-4)*84/63. Suppose -a = 8*a - l. What is the hundreds digit of a?
1
Let f be -2 + (1236/14 - 2/7). Suppose 0*d - 3*d + f = 4*b, -d - 5*b = -47. What is the tens digit of d?
2
Let q(z) = -z**2 - 45*z - 43. What is the tens digit of q(-21)?
6
Suppose 636 + 509 = 5*j. Suppose -4*u - r = -j, 5*r + 10 + 42 = u. What is the units digit of u?
7
Suppose 829 = 2*x + 5*d, -5*x - d + 2*d = -2059. What is the hundreds digit of x?
4
Suppose -3*n - 2*o = -6*n - 833, -n - 287 = -3*o. Let t = n - -196. What is the units digit of (-1)/3 + t/(-3)?
6
Let t be -2*((-84)/(-8))/(-7) - -2. Let y(s) = 4*s**2 + 2. What is the tens digit of y(t)?
0
Suppose 4*m - 7*c + 2*c = -7, -9 = -3*c. Let j(v) = 2*v**3 - v - 1 - 1 + 4*v - 4*v**2. What is the units digit of j(m)?
4
Let q = 178 - 123. Let c = 101 - q. Suppose 4*m = -5*a + c, -4*a = -0*a - m - 20. What is the units digit of a?
6
Suppose 5*m + 11 + 39 = 0. Let i = m + 21. What is the units digit of i?
1
Let i(z) = z**3 + 5*z**2 - z - 7. Let y be i(-5). Let r be (2/y)/((-1)/52). Suppose 5*o - x + 0*x = 98, -4*x = -3*o + r. What is the tens digit of o?
2
Let i = -59 + 385. What is the units digit of i?
6
What is the tens digit of ((-32)/(-20))/(5/425)?
3
Let i = 349 - 166. Suppose 2*w - i = -w. What is the tens digit of w?
6
Suppose 0 = -5*h - 4*b - 6 - 4, 4*h = 2*b + 18. Suppose h*o + q - 30 = 26, o - 38 = 2*q. What is the tens digit of o?
3
Suppose -q = -2*w - 0*q + 50, -3*w + 89 = -5*q. Let z = -14 + w. What is the units digit of 2/z - (-3303)/81?
1
Let p be (-2)/(-6) + 40/(-3). Let r = p - -23. Suppose -r + 2 = -b. What is the units digit of b?
8
Let g(k) = -44*k - 199. What is the units digit of g(-9)?
7
Let v(i) = i**2 + 55*i - 810. What is the units digit of v(-78)?
4
Let p be 2/5 - 14384/(-40). Suppose c = 7*c - p. Suppose -3*r + 36 = -4*a - c, -5*a + 159 = 4*r. What is the units digit of r?
6
Let b(v) = 150*v**2 - v - 13. What is the tens digit of b(-2)?
8
Suppose -278*c + 277*c + 2678 = 4*j, -c + 2692 = -3*j. What is the tens digit of c?
8
Let z be 6/((15/(-10))/(-1)). Suppose -z*p + 6*p = 92. What is the tens digit of p?
4
Let z be -20 - -22 - (0 - (0 + 0)). Suppose -z*x + 25 = -5. What is the units digit of x?
5
Suppose -3*d = -124 - 98. Suppose -5*x - 3*u + 183 = -0*x, -2*x = u - d. What is the units digit of x?
9
What is the units digit of ((-4)/(-6))/(3703/924 + -4)?
8
Let k = -46 + 49. Suppose -6 = m + 5*a - 43, -4*m = -a - 106. Let l = k + m. What is the units digit of l?
0
Let g(p) = 2 + 1 + 10*p**2 - 9*p + p**3 - 2*p**3. Let a be g(9). Suppose 4*l + 7 = -5*t + 160, 4*l = a*t + 113. What is the units digit of l?
2
Let t = -292 - -24. What is the tens digit of (-1)/(-5) + t/(-10)?
2
Let x(g) be the second derivative of g**5/20 + 11*g**4/12 - g**3/2 + 11*g**2/2 - 17*g. What is the tens digit of x(-11)?
4
Let b be (-79)/9 - (-4)/(-18). Let c = -7 - b. Suppose -3*q + 35 = y, 5*y + c*q = 23 + 191. What is the tens digit of y?
4
What is the units digit of 2/(-5) + (-7)/5*-311?
5
Let h(d) = 70*d**2 - 6*d + 17. What is the tens digit of h(2)?
8
Let x = 43 + 254. What is the tens digit of x?
9
Let g(a) = 2*a**2 - 3*a + 26. What is the hundreds digit of g(-6)?
1
Let y(v) = -v**3 + 15*v**2 - v + 14. Let a be y(15). Let i be (0 + 1)/(a/(-3)). Suppose -b = g + i*g - 11, -2*g - 5*b = -19. What is the units digit of g?
2
Suppose 4*v = -12, 4*t - 4*v = 278 + 486. What is the tens digit of t?
8
Let s be -11*2 + (-2 - -6). Let m be -1*2/((-4)/s). What is the tens digit of (-587)/m + 4/(-18)?
6
Let y(o) = 7*o**3 + o**2 + o - 1. Let x be y(1). Suppose 5*p = u - x, 0 = -u - 3*u - 4*p - 40. What is the tens digit of (u - -70)*4/6?
4
Let h(w) = -5*w + 0*w + 11*w + 2*w**3 - 6*w**2 - 8. Let p be h(4). Suppose -2*z = z - p. What is the tens digit of z?
1
Let l be (-1)/(-4) + 36/(-16). Let s be (-248)/(-60) + l/15. Suppose -h - 4 = 4*u, -17 = s*u - 1. What is the units digit of h?
2
Let u(l) = 280*l**3 - 20*l**3 - 1 + 2*l**2 + 2 + 0*l**2 - 3*l. What is the tens digit of u(1)?
6
Suppose -2*d + 4361 = 3*u, u - 10*d = -11*d + 1452. What is the units digit of u?
7
Suppose 4*u = -2*f + 1486, 10*u - 1451 = 6*u + 5*f. What is the hundreds digit of u?
3
Let i(w) = -10*w - 30. Let o be i(-15). Suppose -8*p + o = -0*p. What is the tens digit of p?
1
Let x = 44 - 27. Let y = 20 - x. Suppose -y*f = -2*o + 20, 11 = 3*o - 5*f - 20. What is the units digit of o?
7
Suppose 2 + 2 = -2*s + 4*o, -s = -o. Suppose 233 = 3*j + s*g, -j = 4*g - 5*g - 81. What is the units digit of j?
9
S